{"id":28,"date":"2021-12-06T16:01:36","date_gmt":"2021-12-06T15:01:36","guid":{"rendered":"https:\/\/wp.petersenschuby.de\/?page_id=28"},"modified":"2022-12-09T22:17:43","modified_gmt":"2022-12-09T21:17:43","slug":"ueber-uns","status":"publish","type":"page","link":"https:\/\/petersenschuby.de\/?page_id=28","title":{"rendered":"Wir \u00fcber uns"},"content":{"rendered":"\n<p>Hallo, wir sind die Familie Petersen<\/p>\n\n\n\n<div class=\"wp-block-columns is-layout-flex wp-container-core-columns-is-layout-1 wp-block-columns-is-layout-flex\">\n<div class=\"wp-block-column is-layout-flow wp-block-column-is-layout-flow\">\n<figure class=\"wp-block-image size-full\"><img loading=\"lazy\" decoding=\"async\" width=\"578\" height=\"502\" src=\"https:\/\/petersenschuby.de\/wp-content\/uploads\/2021\/12\/thomasuNicole.jpg\" alt=\"\" class=\"wp-image-114\" srcset=\"https:\/\/petersenschuby.de\/wp-content\/uploads\/2021\/12\/thomasuNicole.jpg 578w, https:\/\/petersenschuby.de\/wp-content\/uploads\/2021\/12\/thomasuNicole-300x261.jpg 300w\" sizes=\"auto, (max-width: 578px) 100vw, 578px\" \/><\/figure>\n<\/div>\n\n\n\n<div class=\"wp-block-column is-layout-flow wp-block-column-is-layout-flow\">\n<p>1998 \u00fcbernahm Thomas diesen Betrieb von seinen Eltern Lisa &amp; Herbert Petersen.<\/p>\n\n\n\n<p>Wir haben ca.190 Rinder, wovon rund 110 Milchk\u00fche t\u00e4glich frische Milch liefern.<br>Zudem bewirtschaften wir rund 90 ha Land.<\/p>\n\n\n\n<p>Bei der Arbeit im Stall und auf dem Feld bekommen wir flei\u00dfige Unterst\u00fctzung von unserem Neffen Florian. Ich Nicole k\u00fcmmere mich neben Stall und Hausarbeiten auch um die Vermietung der Ferienwohnungen.<\/p>\n\n\n\n<p>Genaueres \u00fcber den Betrieb und wie es dazu kam, k\u00f6nnen Sie in unserer Chronik nachlesen<\/p>\n<\/div>\n<\/div>\n\n\n<div class=\"wp-block-image\">\n<figure class=\"aligncenter size-full\"><img loading=\"lazy\" decoding=\"async\" width=\"307\" height=\"204\" src=\"https:\/\/petersenschuby.de\/wp-content\/uploads\/2021\/12\/7-1-im-FotoRechts-8510.jpg\" alt=\"\" class=\"wp-image-115\" srcset=\"https:\/\/petersenschuby.de\/wp-content\/uploads\/2021\/12\/7-1-im-FotoRechts-8510.jpg 307w, https:\/\/petersenschuby.de\/wp-content\/uploads\/2021\/12\/7-1-im-FotoRechts-8510-300x199.jpg 300w\" sizes=\"auto, (max-width: 307px) 100vw, 307px\" \/><\/figure><\/div>\n\n\n<figure class=\"wp-block-image size-full is-resized\"><img loading=\"lazy\" decoding=\"async\" src=\"https:\/\/petersenschuby.de\/wp-content\/uploads\/2021\/12\/hof.jpg\" alt=\"\" class=\"wp-image-116\" width=\"763\" height=\"594\" srcset=\"https:\/\/petersenschuby.de\/wp-content\/uploads\/2021\/12\/hof.jpg 475w, https:\/\/petersenschuby.de\/wp-content\/uploads\/2021\/12\/hof-300x234.jpg 300w\" sizes=\"auto, (max-width: 706px) 89vw, (max-width: 767px) 82vw, 740px\" \/><\/figure>\n\n\n\n<div class=\"wp-block-columns is-layout-flex wp-container-core-columns-is-layout-2 wp-block-columns-is-layout-flex\">\n<div class=\"wp-block-column is-layout-flow wp-block-column-is-layout-flow\">\n<p>Nach l\u00e4ngerer Pause haben wir unseren &#8222;alten&#8220; Melkstand Anfang 2016 wieder aktiviert.<br>So haben wir vor allem unsere &#8222;Problemk\u00fche&#8220; wieder besser im Blick.<\/p>\n<\/div>\n\n\n\n<div class=\"wp-block-column is-layout-flow wp-block-column-is-layout-flow\">\n<figure class=\"wp-block-image size-full\"><img loading=\"lazy\" decoding=\"async\" width=\"480\" height=\"270\" src=\"https:\/\/petersenschuby.de\/wp-content\/uploads\/2021\/12\/kuh.jpg\" alt=\"\" class=\"wp-image-118\" srcset=\"https:\/\/petersenschuby.de\/wp-content\/uploads\/2021\/12\/kuh.jpg 480w, https:\/\/petersenschuby.de\/wp-content\/uploads\/2021\/12\/kuh-300x169.jpg 300w\" sizes=\"auto, (max-width: 480px) 100vw, 480px\" \/><\/figure>\n<\/div>\n<\/div>\n\n\n\n<p><strong>Was es sonst so gibt:<\/strong><br><br>&#8211; Gemeinschaftsterasse<br>&#8211; 3m Trampolin<br>&#8211; kleiner hofeigener Spielplatz<br>&#8211; Aufenthaltsh\u00fctte<br>&#8211; \u00fcberdachter Stellplatz f\u00fcr eigene Fahrr\u00e4der oder Leihr\u00e4der<br>&#8211; div. Gartenspiele<br>&#8211; Kleinkinderausstattung f\u00fcr die Wohnung, bitte sprechen sie uns an.<br><br><br>Reitunterricht und Kutschfahrten k\u00f6nnen sie auf dem Reiterhof Tramm in Damp\/ Dorotheental buchen.<br><a href=\"http:\/\/www.reiterhof-tramm.de\">http:\/\/www.reiterhof-tramm.de<\/a><br><br>Unsere Kleinstadt Kappeln liegt nur 7km entfernt.<br><a href=\"http:\/\/www.kappeln.de\">http:\/\/www.kappeln.de<\/a><br><br>Besuchen sie <strong>Arnis<\/strong>, die kleinste Stadt Deutschlands. Arnis k\u00f6nnen sie auch mit der Schleif\u00e4hre erreichen und dabei den Seglern auf dem Ostseefjord Schlei zusehen.<br><a href=\"http:\/\/www.arnis.de\">http:\/\/www.arnis.de<\/a><br><br>schauen Sie sich auch den nahe gelegenen Freizeitpark, die Tolk-Schau an.<br><a href=\"http:\/\/www.tolk-schau.de\">http:\/\/www.tolk-schau.de<\/a><br><br><br>weitere Ideen finden Sie auch unter<br><a href=\"http:\/\/www.schleitipps.de\">http:\/\/www.schleitipps.de<\/a>!<br><br><br>Wellness erleben Sie unweit von uns in Damp im neuen Vitalcentrum.<br><br>Wir freuen uns auf Sie!<\/p>\n","protected":false},"excerpt":{"rendered":"<p>Hallo, wir sind die Familie Petersen 1998 \u00fcbernahm Thomas diesen Betrieb von seinen Eltern Lisa &amp; Herbert Petersen. Wir haben ca.190 Rinder, wovon rund 110 Milchk\u00fche t\u00e4glich frische Milch liefern.Zudem bewirtschaften wir rund 90 ha Land. Bei der Arbeit im Stall und auf dem Feld bekommen wir flei\u00dfige Unterst\u00fctzung von unserem Neffen Florian. Ich Nicole &hellip; <\/p>\n<p class=\"link-more\"><a href=\"https:\/\/petersenschuby.de\/?page_id=28\" class=\"more-link\"><span class=\"screen-reader-text\">\u201eWir \u00fcber uns\u201c<\/span> weiterlesen<\/a><\/p>\n","protected":false},"author":1,"featured_media":0,"parent":0,"menu_order":0,"comment_status":"closed","ping_status":"closed","template":"","meta":{"footnotes":""},"class_list":["post-28","page","type-page","status-publish","hentry"],"_links":{"self":[{"href":"https:\/\/petersenschuby.de\/index.php?rest_route=\/wp\/v2\/pages\/28","targetHints":{"allow":["GET"]}}],"collection":[{"href":"https:\/\/petersenschuby.de\/index.php?rest_route=\/wp\/v2\/pages"}],"about":[{"href":"https:\/\/petersenschuby.de\/index.php?rest_route=\/wp\/v2\/types\/page"}],"author":[{"embeddable":true,"href":"https:\/\/petersenschuby.de\/index.php?rest_route=\/wp\/v2\/users\/1"}],"replies":[{"embeddable":true,"href":"https:\/\/petersenschuby.de\/index.php?rest_route=%2Fwp%2Fv2%2Fcomments&post=28"}],"version-history":[{"count":4,"href":"https:\/\/petersenschuby.de\/index.php?rest_route=\/wp\/v2\/pages\/28\/revisions"}],"predecessor-version":[{"id":597,"href":"https:\/\/petersenschuby.de\/index.php?rest_route=\/wp\/v2\/pages\/28\/revisions\/597"}],"wp:attachment":[{"href":"https:\/\/petersenschuby.de\/index.php?rest_route=%2Fwp%2Fv2%2Fmedia&parent=28"}],"curies":[{"name":"wp","href":"https:\/\/api.w.org\/{rel}","templated":true}]}}

Wir über uns

<p>Hallo, wir sind die Familie Petersen</p>



<div class="wp-block-columns is-layout-flex wp-container-core-columns-is-layout-1 wp-block-columns-is-layout-flex">
<div class="wp-block-column is-layout-flow wp-block-column-is-layout-flow">
<figure class="wp-block-image size-full"><img loading="lazy" decoding="async" width="578" height="502" src="https://petersenschuby.de/wp-content/uploads/2021/12/thomasuNicole.jpg" alt="" class="wp-image-114" srcset="https://petersenschuby.de/wp-content/uploads/2021/12/thomasuNicole.jpg 578w, https://petersenschuby.de/wp-content/uploads/2021/12/thomasuNicole-300x261.jpg 300w" sizes="auto, (max-width: 578px) 100vw, 578px" /></figure>
</div>



<div class="wp-block-column is-layout-flow wp-block-column-is-layout-flow">
<p>1998 übernahm Thomas diesen Betrieb von seinen Eltern Lisa &amp; Herbert Petersen.</p>



<p>Wir haben ca.190 Rinder, wovon rund 110 Milchkühe täglich frische Milch liefern.<br>Zudem bewirtschaften wir rund 90 ha Land.</p>



<p>Bei der Arbeit im Stall und auf dem Feld bekommen wir fleißige Unterstützung von unserem Neffen Florian. Ich Nicole kümmere mich neben Stall und Hausarbeiten auch um die Vermietung der Ferienwohnungen.</p>



<p>Genaueres über den Betrieb und wie es dazu kam, können Sie in unserer Chronik nachlesen</p>
</div>
</div>


<div class="wp-block-image">
<figure class="aligncenter size-full"><img loading="lazy" decoding="async" width="307" height="204" src="https://petersenschuby.de/wp-content/uploads/2021/12/7-1-im-FotoRechts-8510.jpg" alt="" class="wp-image-115" srcset="https://petersenschuby.de/wp-content/uploads/2021/12/7-1-im-FotoRechts-8510.jpg 307w, https://petersenschuby.de/wp-content/uploads/2021/12/7-1-im-FotoRechts-8510-300x199.jpg 300w" sizes="auto, (max-width: 307px) 100vw, 307px" /></figure></div>


<figure class="wp-block-image size-full is-resized"><img loading="lazy" decoding="async" src="https://petersenschuby.de/wp-content/uploads/2021/12/hof.jpg" alt="" class="wp-image-116" width="763" height="594" srcset="https://petersenschuby.de/wp-content/uploads/2021/12/hof.jpg 475w, https://petersenschuby.de/wp-content/uploads/2021/12/hof-300x234.jpg 300w" sizes="auto, (max-width: 706px) 89vw, (max-width: 767px) 82vw, 740px" /></figure>



<div class="wp-block-columns is-layout-flex wp-container-core-columns-is-layout-2 wp-block-columns-is-layout-flex">
<div class="wp-block-column is-layout-flow wp-block-column-is-layout-flow">
<p>Nach längerer Pause haben wir unseren &#8222;alten&#8220; Melkstand Anfang 2016 wieder aktiviert.<br>So haben wir vor allem unsere &#8222;Problemkühe&#8220; wieder besser im Blick.</p>
</div>



<div class="wp-block-column is-layout-flow wp-block-column-is-layout-flow">
<figure class="wp-block-image size-full"><img loading="lazy" decoding="async" width="480" height="270" src="https://petersenschuby.de/wp-content/uploads/2021/12/kuh.jpg" alt="" class="wp-image-118" srcset="https://petersenschuby.de/wp-content/uploads/2021/12/kuh.jpg 480w, https://petersenschuby.de/wp-content/uploads/2021/12/kuh-300x169.jpg 300w" sizes="auto, (max-width: 480px) 100vw, 480px" /></figure>
</div>
</div>



<p><strong>Was es sonst so gibt:</strong><br><br>&#8211; Gemeinschaftsterasse<br>&#8211; 3m Trampolin<br>&#8211; kleiner hofeigener Spielplatz<br>&#8211; Aufenthaltshütte<br>&#8211; überdachter Stellplatz für eigene Fahrräder oder Leihräder<br>&#8211; div. Gartenspiele<br>&#8211; Kleinkinderausstattung für die Wohnung, bitte sprechen sie uns an.<br><br><br>Reitunterricht und Kutschfahrten können sie auf dem Reiterhof Tramm in Damp/ Dorotheental buchen.<br><a href="http://www.reiterhof-tramm.de">http://www.reiterhof-tramm.de</a><br><br>Unsere Kleinstadt Kappeln liegt nur 7km entfernt.<br><a href="http://www.kappeln.de">http://www.kappeln.de</a><br><br>Besuchen sie <strong>Arnis</strong>, die kleinste Stadt Deutschlands. Arnis können sie auch mit der Schleifähre erreichen und dabei den Seglern auf dem Ostseefjord Schlei zusehen.<br><a href="http://www.arnis.de">http://www.arnis.de</a><br><br>schauen Sie sich auch den nahe gelegenen Freizeitpark, die Tolk-Schau an.<br><a href="http://www.tolk-schau.de">http://www.tolk-schau.de</a><br><br><br>weitere Ideen finden Sie auch unter<br><a href="http://www.schleitipps.de">http://www.schleitipps.de</a>!<br><br><br>Wellness erleben Sie unweit von uns in Damp im neuen Vitalcentrum.<br><br>Wir freuen uns auf Sie!</p>

<p>Hallo, wir sind die Familie Petersen 1998 übernahm Thomas diesen Betrieb von seinen Eltern Lisa &amp; Herbert Petersen. Wir haben ca.190 Rinder, wovon rund 110 Milchkühe täglich frische Milch liefern.Zudem bewirtschaften wir rund 90 ha Land. Bei der Arbeit im Stall und auf dem Feld bekommen wir fleißige Unterstützung von unserem Neffen Florian. Ich Nicole &hellip; </p>
<p class="link-more"><a href="https://petersenschuby.de/?page_id=28" class="more-link"><span class="screen-reader-text">„Wir über uns“</span> weiterlesen</a></p>
